{"id":267,"date":"2014-04-10T17:39:47","date_gmt":"2014-04-10T15:39:47","guid":{"rendered":"http:\/\/galaxyplayers.de\/?page_id=267"},"modified":"2025-05-11T12:07:06","modified_gmt":"2025-05-11T10:07:06","slug":"bullet","status":"publish","type":"page","link":"https:\/\/derbravehund.de\/?page_id=267","title":{"rendered":"Bullet"},"content":{"rendered":"<p>Darf\u00a0ich vorstellen: der Teufel h\u00f6chstpers\u00f6nlich! \ud83d\ude42<\/p>\n<p>Dieser Herder-Mix fand mit acht Monatenseinen Weg zu mir. Leider <a href=\"http:\/\/derbravehund.de\/wp-content\/uploads\/2014\/04\/Anhang-1.2.jpg\"><img decoding=\"async\" loading=\"lazy\" class=\"alignright  wp-image-326\" alt=\"Anhang-1.2\" src=\"http:\/\/derbravehund.de\/wp-content\/uploads\/2014\/04\/Anhang-1.2-198x300.jpg\" width=\"178\" height=\"270\" srcset=\"https:\/\/derbravehund.de\/wp-content\/uploads\/2014\/04\/Anhang-1.2-198x300.jpg 198w, https:\/\/derbravehund.de\/wp-content\/uploads\/2014\/04\/Anhang-1.2.jpg 568w\" sizes=\"(max-width: 178px) 100vw, 178px\" \/><\/a>hatte er bis dato schon sehr viel durchgemacht. Diverse Ausbildungmethoden, wie auch die dazugeh\u00f6rigen Zwangsma\u00dfnahmen wurden bei ihm ausprobiert. Mit acht Monaten war der sonst durchaus liebenswerte Hund ernst und linkslastig. Wir durchliefen dann leider eine komplett falsche Ausbildung, die diese Eigenschaften auch noch festigte.<\/p>\n<p>Als der Hund dann gr\u00f6\u00dfer wurde, begannen auch die Probleme zunehmend ernster zu werden! Fremde Personen sowie gr\u00f6\u00dfere m\u00e4nnliche Artgenossen wurden in meiner N\u00e4he nicht mehr geduldet, dies wurde im Notfall auch mit Bei\u00dfen durchgesetzt.<\/p>\n<p>Zum Gl\u00fcck lernte ich dann Martina kennen und ab diesem Zeitpunkt konnte ich aufatmen. Endlich jemand, der unser Problem mit dem n\u00f6tigen Feingef\u00fchl anpackte. Es wurde stetig besser und ich lernte meinen Hund richtig zu verstehen.<\/p>\n<p>Nat\u00fcrlich war die Umprogrammierung des Hundes ein langer Prozess, aber ich bin davon \u00fcberzeugt, dass ich bei Martina in den v\u00f6llig richtigen H\u00e4nden war und auch noch bin. Ich lerne nach wie vor gerne von ihr! Ich kann mich nun beruhigt zur\u00fcck lehnen und mein Hund, der nun bald f\u00fcnf Jahre alt wird, darf zum ersten Mal mit in den Urlaub. Auch im restlichen Alltag verh\u00e4lt er sich mittlerweile wie ein normaler Haushund. Situationen wie spielen mit Artgenossen, im Wald spazieren gehen (Wild interessiert uns auch nicht mehr) und Begegnungen mit Fremden stellen nun keine Probleme mehr dar.<\/p>\n<p>Dankesch\u00f6n Martina!<\/p>\n","protected":false},"excerpt":{"rendered":"<p>Darf\u00a0ich vorstellen: der Teufel h\u00f6chstpers\u00f6nlich! \ud83d\ude42 Dieser Herder-Mix fand mit acht Monatenseinen Weg zu mir. Leider hatte er bis dato schon sehr viel durchgemacht. Diverse Ausbildungmethoden, wie auch die dazugeh\u00f6rigen Zwangsma\u00dfnahmen wurden bei ihm ausprobiert. Mit acht Monaten war der sonst durchaus liebenswerte Hund ernst und linkslastig. Wir durchliefen dann leider eine komplett falsche Ausbildung, &hellip; <a href=\"https:\/\/derbravehund.de\/?page_id=267\" class=\"more-link\"><span class=\"screen-reader-text\">Bullet<\/span> weiterlesen <span class=\"meta-nav\">&rarr;<\/span><\/a><\/p>\n","protected":false},"author":3,"featured_media":0,"parent":585,"menu_order":48,"comment_status":"closed","ping_status":"closed","template":"","meta":[],"_links":{"self":[{"href":"https:\/\/derbravehund.de\/index.php?rest_route=\/wp\/v2\/pages\/267"}],"collection":[{"href":"https:\/\/derbravehund.de\/index.php?rest_route=\/wp\/v2\/pages"}],"about":[{"href":"https:\/\/derbravehund.de\/index.php?rest_route=\/wp\/v2\/types\/page"}],"author":[{"embeddable":true,"href":"https:\/\/derbravehund.de\/index.php?rest_route=\/wp\/v2\/users\/3"}],"replies":[{"embeddable":true,"href":"https:\/\/derbravehund.de\/index.php?rest_route=%2Fwp%2Fv2%2Fcomments&post=267"}],"version-history":[{"count":18,"href":"https:\/\/derbravehund.de\/index.php?rest_route=\/wp\/v2\/pages\/267\/revisions"}],"predecessor-version":[{"id":387,"href":"https:\/\/derbravehund.de\/index.php?rest_route=\/wp\/v2\/pages\/267\/revisions\/387"}],"up":[{"embeddable":true,"href":"https:\/\/derbravehund.de\/index.php?rest_route=\/wp\/v2\/pages\/585"}],"wp:attachment":[{"href":"https:\/\/derbravehund.de\/index.php?rest_route=%2Fwp%2Fv2%2Fmedia&parent=267"}],"curies":[{"name":"wp","href":"https:\/\/api.w.org\/{rel}","templated":true}]}}

<p>Darf ich vorstellen: der Teufel höchstpersönlich! 🙂</p>
<p>Dieser Herder-Mix fand mit acht Monatenseinen Weg zu mir. Leider <a href="http://derbravehund.de/wp-content/uploads/2014/04/Anhang-1.2.jpg"><img decoding="async" loading="lazy" class="alignright  wp-image-326" alt="Anhang-1.2" src="http://derbravehund.de/wp-content/uploads/2014/04/Anhang-1.2-198x300.jpg" width="178" height="270" srcset="https://derbravehund.de/wp-content/uploads/2014/04/Anhang-1.2-198x300.jpg 198w, https://derbravehund.de/wp-content/uploads/2014/04/Anhang-1.2.jpg 568w" sizes="(max-width: 178px) 100vw, 178px" /></a>hatte er bis dato schon sehr viel durchgemacht. Diverse Ausbildungmethoden, wie auch die dazugehörigen Zwangsmaßnahmen wurden bei ihm ausprobiert. Mit acht Monaten war der sonst durchaus liebenswerte Hund ernst und linkslastig. Wir durchliefen dann leider eine komplett falsche Ausbildung, die diese Eigenschaften auch noch festigte.</p>
<p>Als der Hund dann größer wurde, begannen auch die Probleme zunehmend ernster zu werden! Fremde Personen sowie größere männliche Artgenossen wurden in meiner Nähe nicht mehr geduldet, dies wurde im Notfall auch mit Beißen durchgesetzt.</p>
<p>Zum Glück lernte ich dann Martina kennen und ab diesem Zeitpunkt konnte ich aufatmen. Endlich jemand, der unser Problem mit dem nötigen Feingefühl anpackte. Es wurde stetig besser und ich lernte meinen Hund richtig zu verstehen.</p>
<p>Natürlich war die Umprogrammierung des Hundes ein langer Prozess, aber ich bin davon überzeugt, dass ich bei Martina in den völlig richtigen Händen war und auch noch bin. Ich lerne nach wie vor gerne von ihr! Ich kann mich nun beruhigt zurück lehnen und mein Hund, der nun bald fünf Jahre alt wird, darf zum ersten Mal mit in den Urlaub. Auch im restlichen Alltag verhält er sich mittlerweile wie ein normaler Haushund. Situationen wie spielen mit Artgenossen, im Wald spazieren gehen (Wild interessiert uns auch nicht mehr) und Begegnungen mit Fremden stellen nun keine Probleme mehr dar.</p>
<p>Dankeschön Martina!</p>

<p>Darf ich vorstellen: der Teufel höchstpersönlich! 🙂 Dieser Herder-Mix fand mit acht Monatenseinen Weg zu mir. Leider hatte er bis dato schon sehr viel durchgemacht. Diverse Ausbildungmethoden, wie auch die dazugehörigen Zwangsmaßnahmen wurden bei ihm ausprobiert. Mit acht Monaten war der sonst durchaus liebenswerte Hund ernst und linkslastig. Wir durchliefen dann leider eine komplett falsche Ausbildung, &hellip; <a href="https://derbravehund.de/?page_id=267" class="more-link"><span class="screen-reader-text">Bullet</span> weiterlesen <span class="meta-nav">&rarr;</span></a></p>
